
5
What is the thousands digit of 446401423?
1
What is the hundreds digit of 110655062?
0
What is the thousands digit of 266378299?
8
What is the units digit of 4505890867?
7
What is the ten thousands digit of 2283403646?
0
What is the thousands digit of 122742709?
2
What is the ten millions digit of 14972208?
1
What is the ten millions digit of 1763257702?
6
What is the thousands digit of 436155472?
5
What is the ten millions digit of 3233993018?
3
What is the millions digit of 587654524?
7
What is the ten thousands digit of 137198964?
9
What is the ten millions digit of 22660881?
2
What is the ten millions digit of 119955672?
1
What is the units digit of 771007611?
1
What is the millions digit of 30809156?
0
What is the hundreds digit of 33928066?
0
What is the ten thousands digit of 453116518?
1
What is the units digit of 5866360285?
5
What is the hundreds digit of 1556936663?
6
What is the billions digit of 6982577196?
6
What is the units digit of 791703358?
8
What is the tens digit of 51298072?
7
What is the units digit of 295068499?
9
What is the units digit of 175126197?
7
What is the units digit of 123850756?
6
What is the millions digit of 78657286?
8
What is the hundreds digit of 349838946?
9
What is the tens digit of 88751369?
6
What is the hundred thousands digit of 56809167?
8
What is the ten millions digit of 742825142?
4
What is the units digit of 391372301?
1
What is the tens digit of 277233418?
1
What is the hundred thousands digit of 309325583?
3
What is the millions digit of 34240945?
4
What is the hundred millions digit of 213834788?
2
What is the tens digit of 118155421?
2
What is the units digit of 1782282285?
5
What is the hundreds digit of 6185087291?
2
What is the units digit of 127699473?
3
What is the hundred thousands digit of 911305629?
3
What is the ten thousands digit of 253738731?
3
What is the tens digit of 981004640?
4
What is the thousands digit of 4753045148?
5
What is the units digit of 424561759?
9
What is the hundred thousands digit of 3143281515?
2
What is the units digit of 965644633?
3
What is the thousands digit of 59238418?
8
What is the billions digit of 5560150171?
5
What is the millions digit of 354950144?
4
What is the tens digit of 6313163281?
8
What is the hundreds digit of 154269228?
2
What is the thousands digit of 848410770?
0
What is the tens digit of 43225729?
2
What is the units digit of 695381282?
2
What is the hundred millions digit of 251271061?
2
What is the tens digit of 460041535?
3
What is the tens digit of 147959490?
9
What is the units digit of 215159853?
3
What is the tens digit of 19471481?
8
What is the ten millions digit of 154414784?
5
What is the thousands digit of 416049488?
9
What is the thousands digit of 154306995?
6
What is the tens digit of 11930619?
1
What is the hundreds digit of 16063694?
6
What is the hundreds digit of 146382262?
2
What is the tens digit of 87746378?
7
What is the thousands digit of 1302994673?
4
What is the ten millions digit of 109773468?
0
What is the tens digit of 20706248?
4
What is the ten millions digit of 164479256?
6
What is the tens digit of 5685085?
8
What is the ten millions digit of 846943512?
4
What is the hundreds digit of 28921298?
2
What is the tens digit of 4990733?
3
What is the hundred thousands digit of 1111366756?
3
What is the hundred millions digit of 1108005001?
1
What is the units digit of 1498165810?
0
What is the hundred thousands digit of 204899882?
8
What is the ten thousands digit of 790717761?
1
What is the tens digit of 115502257?
5
What is the thousands digit of 25710469?
0
What is the thousands digit of 37572483?
2
What is the thousands digit of 35315753?
5
What is the thousands digit of 1209432326?
2
What is the tens digit of 158962447?
4
What is the ten thousands digit of 46952577?
5
What is the thousands digit of 340430833?
0
What is the hundreds digit of 346553422?
4
What is the thousands digit of 111521635?
1
What is the hundred millions digit of 154295748?
1
What is the ten thousands digit of 48894376?
9
What is the millions digit of 2245428160?
5
What is the units digit of 691182113?
3
What is the units digit of 5050215?
5
What is the hundreds digit of 2260564783?
7
What is the ten thousands digit of 66431523?
3
What is the millions digit of 287492240?
7
What is the ten millions digit of 99610987?
9
What is the hundred millions digit of 2804186439?
8
What is the hundreds digit of 310842561?
5
What is the tens digit of 316322631?
3
What is the tens digit of 156853715?
1
What is the thousands digit of 202522337?
2
What is the ten millions digit of 1051711765?
5
What is the hundred thousands digit of 514952973?
9
What is the units digit of 384544198?
8
What is the thousands digit of 945883017?
3
What is the units digit of 20317078?
8
What is the hundred thousands digit of 4768706043?
7
What is the ten millions digit of 1583613137?
8
What is the millions digit of 174137417?
4
What is the ten thousands digit of 77562207?
6
What is the hundreds digit of 418118895?
8
What is the hundred thousands digit of 164359361?
3
What is the hundred thousands digit of 1036526830?
5
What is the ten thousands digit of 34840313?
4
What is the hundreds digit of 128466801?
8
What is the ten thousands digit of 66057719?
5
What is the ten thousands digit of 1461237003?
3
What is the tens digit of 45159452?
5
What is the ten millions digit of 161893107?
6
What is the millions digit of 84558704?
4
What is the millions digit of 55447329?
5
What is the thousands digit of 757238396?
8
What is the thousands digit of 31570275?
0
What is the hundred thousands digit of 250841851?
8
What is the units digit of 387212871?
1
What is the hundred thousands digit of 1413827207?
8
What is the tens digit of 500107730?
3
What is the thousands digit of 1093900778?
0
What is the tens digit of 9566376?
7
What is the millions digit of 6890267498?
0
What is the billions digit of 6901258568?
6
What is the hundred thousands digit of 194800024?
8
What is the ten millions digit of 19794670?
1
What is the ten millions digit of 1914753917?
1
What is the hundred millions digit of 512921140?
5
What is the units digit of 135953788?
8
What is the units digit of 492573482?
2
What is the hundreds digit of 343003328?
3
What is the units digit of 984604334?
4
What is the millions digit of 65675840?
5
What is the ten millions digit of 174982944?
7
What is the hundred thousands digit of 7761659?
7
What is the hundreds digit of 37966948?
9
What is the hundred thousands digit of 23958438?
9
What is the hundreds digit of 1089711235?
2
What is the tens digit of 29271363?
6
What is the units digit of 1433748227?
7
What is the ten millions digit of 39313938?
3
What is the ten thousands digit of 148943683?
4
What is the hundred millions digit of 1680974139?
6
What is the units digit of 114215076?
6
What is the units digit of 23170707?
7
What is the billions digit of 5101039923?
5
What is the hundreds digit of 186071370?
3
What is the thousands digit of 8088235383?
5
What is the units digit of 332557095?
5
What is the hundred thousands digit of 106185890?
1
What is the tens digit of 5025765094?
9
What is the millions digit of 764795420?
4
What is the ten millions digit of 11908986?
1
What is the hundred thousands digit of 141056552?
0
What is the hundreds digit of 2277778712?
7
What is the hundred millions digit of 133295183?
1
What is the ten millions digit of 1017431214?
1
What is the hundreds digit of 5344071576?
5
What is the thousands digit of 122901253?
1
What is the millions digit of 63162562?
3
What is the units digit of 518588883?
3
What is the tens digit of 28134156?
5
What is the hundred millions digit of 1928365130?
9
What is the units digit of 18210135?
5
What is the hundreds digit of 6671742889?
8
What is the thousands digit of 39520476?
0
What is the thousands digit of 494688948?
8
What is the tens digit of 38750241?
4
What is the tens digit of 214587820?
2
What is the hundreds digit of 83473951?
9
What is the tens digit of 1232138545?
4
What is the thousands digit of 2605705180?
5
What is the billions digit of 2105357749?
2
What is the thousands digit of 394387867?
7
What is the hundred millions digit of 370055046?
3
What is the hundred thousands digit of 16